etermine o(t).
13
Let a(v) = -19*v - 111. Suppose -2*x - 9*g - 66 = -0, -24 = 4*g. Determine a(x).
3
Let g(u) = -u. Let a = -5 - -11. Let w(k) = 0*k**2 - k**2 - 34 - a*k + 27 - 22*k. Let r be w(-28). Give g(r).
7
Let j(q) = -q + 8. Let o(i) be the second derivative of i**3 + 21*i**2 + 85*i. Let r be o(-6). Give j(r).
2
Let i(b) = -73*b - 1. Let l(k) = -9*k. Let w(m) = -6*i(m) + 51*l(m). Let a(u) = -10*u + 3. Let v(x) = 9*a(x) - 4*w(x). Calculate v(4).
-21
Let z(c) be the first derivative of -c**3 + 81*c**2/2 - 6*c + 2497. What is z(27)?
-6
Suppose 2*t = -2*c - 14, -c - 42 + 19 = 3*t. Let b(n) = -n**2 + 2*n + 101. What is b(t)?
21
Let p be (-1)/((-13)/(-70) + 26/(-91)). Let s(f) = p*f - 9148*f**2 + 0*f**3 + 9140*f**2 + f**3 - 16. What is s(7)?
5
Let u(y) be the second derivative of 8*y**3/3 + 297*y**2/2 - 4741*y. Give u(-18).
9
Let n(c) be the third derivative of -c**7/840 - c**6/72 - c**5/60 - c**4/6 + 13*c**3/3 - 85*c**2. Let g(d) be the first derivative of n(d). What is g(-5)?
6
Let a(u) be the third derivative of u**6/60 - 13*u**5/20 - 11*u**4/12 + 4*u**3/3 - 52*u**2 - 10*u. Give a(20).
-32
Let f = -60 - -107. Let z = 50 - f. Let q(u) = 3*u**3 + 1 - 3*u**3 - 2*u + 3*u**2 - u**z. Calculate q(1).
1
Let x(h) = 7*h**3 + 3*h**2 - 12*h - 63. Let n(a) be the first derivative of 3*a**4/4 + a**3/3 - 5*a**2/2 - 32*a + 109. Let q(s) = -5*n(s) + 2*x(s). Give q(0).
34
Let q(u) = -u**2 - 9*u + 5. Let g be 4/18 - (1 + (-291)/27). Let j be 5 - (g/40 - 110/(-8)). Calculate q(j).
5
Let q(k) be the first derivative of k**3/3 + k**2 - 7*k + 1. Let l(r) = -31*r**2 - 13*r + 23. Let s be l(-4). Let h = 416 + s. Calculate q(h).
8
Let x(n) = 95208*n - 95215*n + 7*n**2 - n**3 + 6 + 3*n**2. Determine x(9).
24
Let z(i) be the second derivative of -i**5/60 + i**4/12 - i**3/2 - 6*i**2 - 12*i. Let j(x) be the first derivative of z(x). Give j(0).
-3
Let u(k) be the second derivative of k**4/3 - k**3/6 - 120*k - 2. Let y(w) = 3*w**2 - 2*w. Let l(s) = -3*u(s) + 2*y(s). Calculate l(1).
-7
Let q(z) = z**3 + 5*z**2 - 8*z + 8. Suppose -23 - 49 = -9*i. Suppose 8*r + i = -48. Give q(r).
-34
Let k(s) = s**2 + 6*s + 7. Let u(p) = -2 - 63*p + 41*p + 36*p + 24. Let a be u(-2). Calculate k(a).
7
Suppose 4*l = -5*o - 0*l - 12, -3 = -3*o + l. Let m be 16/(-20) + (-42)/(-15). Let b(q) = -1 - 25*q - q**m - 12 + 26*q. Determine b(o).
-13
Suppose 2 = 4*n + 2*p, -6*n - 16 = -8*n + 2*p. Let o(v) = -n + 5 - v - 2 + 5. Determine o(-3).
8
Let u(a) = 9*a + 6. Let x = 32877 - 32878. Determine u(x).
-3
Let p(v) = 3*v**3 + 29*v**2 + 15*v - 26. Let l be 4 + -17 + -4 - -8. Calculate p(l).
1
Let w be 0/(((-2)/(-4))/((-3)/6)). Suppose 6*o = -3*v + 10*o - 19, -v + 5*o - 10 = w. Let j(n) = 6 - 5*n + n**2 + 13*n + 0. Give j(v).
-9
Suppose -11*t + 15*t - 4 = 0. Let p(a) = -53*a**2 + 5*a + 13. Let o(r) = -25*r**2 + 3*r + 8. Let z(l) = -5*o(l) + 3*p(l). Give z(t).
-35
Let m(a) be the third derivative of -a**4/8 + 13*a**3/2 + 982*a**2. Give m(0).
39
Let l(w) = -3*w**2 - 55*w + 43. Let d be l(-19). Let b(s) = -1 + 12*s**2 + 9*s**3 - 18*s**2 - s + d*s**2. Let y be ((1 - -1)/(-2))/1. Calculate b(y).
-10
Let o(z) = z - 1. Let i be (-6)/(9/(36/(-8))). Suppose 5*n + 0 + 8 = 4*x, -x + 2 = -5*n. Suppose d + 5*t - 10 = -4*d, 0 = d - i*t - x. What is o(d)?
1
Let j(c) = c + 9. Let k(z) = 12*z + 86. Let u(f) = 4*j(f) - k(f). What is u(-6)?
-2
Let i(p) = -4*p**3 + p**2 + 6*p - 19. Let n(g) = -6*g**3 + g**2 + 9*g - 30. Let y be 16*(-1 - -3 - 15/6). Let k(j) = y*i(j) + 5*n(j). Give k(3).
20
Let z(c) = 36*c - 22. Let q(j) = 43*j - 22. Let g(a) = -5*q(a) + 6*z(a). Calculate g(13).
-9
Let z(a) be the third derivative of -3*a**4/4 - 58*a**2. Suppose 0 = -2*k - 4*q - 16, -q = -5*k - 5*q - 10. Determine z(k).
-36
Suppose 46 = 15*c + 1, -51 = -4*w - 5*c. Let h(r) = 2*r**3 - 9*r**2 + 11*r - 6. Let z(n) = -n**3 - n**2 - n. Let o(b) = -h(b) - z(b). What is o(w)?
-3
Let b(s) = 25*s**2 + 32*s + 14. Let y(a) = -7*a**2 - 11*a - 5. Let k(j) = -2*b(j) - 7*y(j). What is k(10)?
37
Let s be 1 + ((-215)/(-10) + -11)*(-4)/(-7). Let u(c) = 2*c - 39. Calculate u(s).
-25
Suppose -3*f - 5*n + 46 = 0, -5*f + n = -50 - 8. Suppose -j = f*j - 39. Suppose -2*q = 4*y + 12, j*y + 1 = q - 3. Let o(m) = 3*m**2 + 2*m - 1. Give o(q).
7
Suppose 20 = 8*u + 4. Suppose -u*s - 64 = 14*s. Let i(m) = m**2 + 4*m + 4. Give i(s).
4
Let n(i) = -i**2 - 18*i - 3. Let v(t) = t**3 - 5*t**2 - 176*t - 17. Let b be v(-11). What is n(b)?
14
Let h(b) = 2*b + 7. Let g = -4 + 14. Let x be (-560)/(-100)*g/(-2). Let r be (4 + 0)*49/x. What is h(r)?
-7
Let n(z) = z**3 - 8*z**2 - 7*z - 12. Let x be n(9). Let y be ((-110)/15 + x)*(-15)/4. Suppose 17*h - y*h = -12. Let f(g) = -5*g**2 + 2*g + 1. Calculate f(h).
-6
Let d(u) = u - 48. Let m be d(0). Let o = 53 + m. Suppose g - 8 = 4*k, 3*k + o*g = -9 - 20. Let r(a) = -a**3 - 2*a**2 + 4*a - 1. Determine r(k).
-4
Let l(g) be the third derivative of -g**5/60 - g**4/24 - g**3/6 + 97*g**2 - g. Let v(n) = 3*n + 22. Let h be v(-8). Determine l(h).
-3
Suppose x = -7*x - 960. Let t be 320/x*(-1 - -4). Let p(j) = j**3 + 7*j**2 - 8*j + 4. Calculate p(t).
4
Let l(q) = q + 5*q**2 - 4*q - 4*q**2 - 2. Let b(h) = -h - 5. Let w be b(-5). Suppose w = 92*s - 88*s - 16. What is l(s)?
2
Suppose 602 = 79*h + 1313. Let b(j) = j**3 + 8*j**2 - 6*j + 13. What is b(h)?
-14
Let h(n) = -n**2 + 33*n + 155. Let g be h(-4). Suppose g*a = -12*a. Let p(u) = -u - 16. Give p(a).
-16
Let l(m) = 2*m**2 + 3*m - 4. Let d(c) = 101 + 2*c + 8 + 8*c + 4*c. Let j be d(-8). Calculate l(j).
5
Let n(z) = 7*z - 10. Let a(d) = 15*d**2 - 137*d + 22. Let c be a(9). Determine n(c).
18
Let j = 1 - -2. Let s(n) = -2. Let v(t) = t + 14. Let h(l) = 4*s(l) + v(l). Let c(x) = 2*x + 6. Let p(u) = j*h(u) - 2*c(u). Calculate p(5).
1
Let i(f) = -f + 11. Let h be ((-2325)/124)/((-3)/192*3). Let b = 405 - h. What is i(b)?
6
Let c = 151976 + -151984. Let z(w) be the first derivative of w**4/4 + 7*w**3/3 - 7*w**2/2 + 7*w + 2. Calculate z(c).
-1
Let v be (-1)/(-9) + 13/(-117). Suppose 0 = a - 3*b, 0 = -v*a + a + 5*b - 24. Let t(l) = l**2 - 10*l + 13. What is t(a)?
4
Let r be (2 + 975/(-360) + 6/16)*54. Let f(m) = -m**3 - 18*m**2 - 4*m - 38. Give f(r).
34
Let t(b) = -b**2 - 8*b. Suppose w - 4 = 0, -10*n - 3*w + 22 = -12*n. Give t(n).
15
Suppose -58 = -126*k - 436. Let t(f) = 21*f + 18. What is t(k)?
-45
Let m(k) = k**3 - 5*k**2 - k + 4. Let d be (-4)/(4*5/(-30)). Let f = -4 + d. Suppose -15 = -5*v + 5*j, -3*v - f*v = j - 27. Calculate m(v).
-1
Let v(i) = 13*i - 96. Let p(a) = a**3 - 28*a**2 + 78*a - 66. Let m be p(25). Give v(m).
21
Let z = 32658 - 32722. Let y(g) = -10*g - 640. Calculate y(z).
0
Let w be (69/(-92))/(2/8). Let r(b) = -b**3 + 3*b**2 + 15*b - 7. Let p be r(w). Let u(n) = -2*n**3 + 3*n**2 + 0*n**3 - 2 + n**2 - 2*n. Determine u(p).
-6
Let s be (-16)/(-36) - 50/(-9). Let c(w) = 6*w - 25. Let l be c(s). Let p(v) = -10*v + l + 1 + v**2 - 5. Give p(6).
-17
Let b(f) = -130 + 9*f - 31427*f**2 + 31428*f**2 + 15*f - 2*f. Calculate b(-27).
5
Let o(c) = -c**2 - 10*c + 45. Let v(m) = m**3 - 10*m**2 + 82*m - 1283. Let n be v(12). Determine o(n).
34
Let a(c) = c**2 - 3*c + 4. Let p = 201 - 196. Suppose p*z + 23 = 4*k, -k + z + 17 = -4*z. Determine a(k).
2
Let v(o) be the third derivative of -o**7/2520 + o**6/144 + o**5/20 - 7*o**4/6 - 5*o**2 - 3*o. Let y(d) be the second derivative of v(d). Calculate y(5).
6
Let u(c) be the first derivative of c**6/360 + c**5/30 + c**4/6 + 19*c**3/3 - 30. Let t(a) be the third derivative of u(a). Calculate t(-6).
16
Let a(n) be the third derivative of -1/6*n**4 + 0*n + 0*n**3 - 20*n**2 + 0. Determine a(-2).
8
Suppose -k + 54 - 51 = 0. Suppose k*o + 2 = 2*g, -3*o = -o - 4*g + 12. Let d(s) = -2*s + 1. Calculate d(o).
-3
Let k(w) = 5*w - 47. Suppose -29*r + 55*r = 286. Calculate k(r).
8
Suppose 0 = 2*k - 3*a + 2, k = -0*k - 5*a - 27. Suppose -2*v = q - 10, v + 4*v - 31 = -q. Let u(z) = -v*z - 64 + 26 + 31 - z**2. What is u(k)?
-7
Let z(y) = 8*y**3 - 2*y**2 + 1. Let a = 124 - 106. Suppose -m - 9 = -j + m, -2*j - 3*m = -a. Suppose 15*o = j*o - 6. Determine z(o).
-9
Suppose -5*v - 2*k = 48, 1 + 41 = -v - 4*k. Let y(f) = -f**3 - 2*f**2 + 24*f - 5. Give y(v).
-5
Let v(s) = -s**3 - 2*s**2 - 1. Let m(b) = 2*b**3 + b**2 - b - 4. Let g(y) = m(y) + 3*v(y). Let d = 10 - 16. Let h be 